 28?
33
Calculate 7 - ((-13 - (2 + -9)) + (59 - 13)).
-33
What is the value of -5 - 8 - ((-11 - 2 - -126) + -26)?
-100
What is -1 + -15 - (-18 - (27 - (-3 + 47)))?
-15
(40 + 19 - 67) + 42
34
Calculate 9 + (67 - (6 + -7 + 1 - -15)).
61
Evaluate (-49 - -46 - -15) + 6.
18
63 - (21 + (1 - -23))
18
Calculate (63 - (-10 + 103)) + 60.
30
Evaluate 217 + -70 + -244 + 44.
-53
What is -10 + (5 - -7) + (58 - 17)?
43
Calculate -1 - -15 - ((-8 - -1 - -6) + -6).
21
What is the value of (-11 - 20) + (-18 - (0 - -1 - (24 + -15)))?
-41
Calculate -24 - -43 - (59 + -9).
-31
What is the value of 32 - 27 - (1 - 13 - (27 - 31))?
13
What is (1 - -5) + -1 - (27 + -16 - 23)?
17
What is the value of 3 + 48 + -3 + -3666 + 3641?
23
Evaluate -86 - -101 - (-29 - (18 + 0 + -11)).
51
Calculate -22 + -43 + 36 - 73 - 31.
-133
-43 - (-47 - (-15 - 13) - 11)
-13
What is the value of 23 + 3351 + -3347 + (-1 - 108)?
-82
What is the value of 0 + -23 - (31 - (13 + (-23 - -40)))?
-24
Calculate (-101 - (80 - 73)) + 60.
-48
Calculate -51 + 97 + -8 + 20.
58
What is 53 + -158 + -101 + 174?
-32
What is (-11 + 5 + 12 - 0) + 2 + -2 + 10?
16
Evaluate 7 - (-19 - -77) - -82.
31
-84 - ((-10 - -8) + -9 + (-7 - -9 - 1))
-74
Evaluate (99 + -45 - 51) + -2 + -15.
-14
What is the value of 14 + -3 + (-10 - -8 - 78) - (1 - 4)?
-66
(1 - -1) + -8 + -15 + 23 + -3
-1
What is 35 + (7 - (17 - (-10 + 7 - -7)))?
29
Calculate -4 - (-3 + 40) - (-6 + (5 - 3)).
-37
Calculate 3 - (-25 + 74 - 117).
71
What is -93 + -22 + 67 - -23?
-25
What is -24 - 69 - (-3 + 6) - -11?
-85
What is 35 + (7 + -36 - -30) + -2?
34
What is -35 - (-51 - (-29 - -4 - 10))?
-19
Evaluate (-45 - ((-54 - -16) + 8)) + 69.
54
73 + 3 + -28 + 7 + 2
57
-27 + (-4 - -19) + 20 - (92 - 7)
-77
What is (79 + -16 + -19 - 9) + -111?
-76
Evaluate (-30 - (77 + -34)) + 29 + -1 + 13.
-32
What is -22 - (-26 + 46) - -84?
42
Calculate -20 + 136 + -80 + -2 + -1.
33
Evaluate 4 + 6 + 76 - ((38 - 18) + -16 + 8).
74
What is the value of 76 + -134 + 79 + 12?
33
Evaluate 22 - ((4 - 2) + -5 - (-4 - -3 - 7)).
17
What is 3 + 82 + (-23 - -18) + -22?
58
What is the value of 0 - -1 - (-242 - -254) - (-50 + 1)?
38
Calculate (-3 - -3) + 1 - (-19 - 28 - -46).
2
Calculate 50 + -101 + (6 - (-7 + -5 + 19 + -1)).
-51
Calculate (-2 - 20) + (51 - 20).
9
Evaluate (31 - (-13 - -66)) + -18.
-40
Evaluate 29 - (36 + (-30 - (11 + -36))).
-2
Calculate 4 + (64 - -4) + (613 - 642).
43
What is the value of -2 - -1 - (35 - (23 - (34 - -54)))?
-101
(373 - 361) + (2 - (-2 - -10)) + -77
-71
Calculate (-42 - -44) + (10 - -2) + -9 - (-10 - 19).
34
-9 - (-1 + 57 + -5) - (-8 + 6 + -3)
-55
Calculate 35 - -3 - (32 - -49).
-43
Evaluate -11 - 29 - (10 + 5 + -24).
-31
What is (0 - 52 - (-22 - -15)) + 36 + -16?
-25
What is -1 + -7 + (-23 - (-2 + 2 - (264 + -310)))?
-77
What is the value of (46 - 34) + -3 + 8 + -8 + 0 + 72?
81
(1 - -96) + (27 + -74 - -28) + 29
107
(2 - 14 - -7) + ((-4 - -6) + -4 - -6)
-1
26 + (9 - (-11 - -35))
11
Evaluate 83 + -46 + (3 - (2 - -3)) + (4 - -1).
40
What is -14 + -5 + (-5 - -30) + 11 + -22?
-5
What is the value of 41 - (-18 - (-22 - 5) - -13)?
19
What is the value of (85 - (32 + 15)) + -53?
-15
What is the value of -88 - ((-4 - (47 + -28)) + 18 + -2)?
-81
What is the value of 17 - (-17 + 7 - -58)?
-31
Calculate -171 - (-95 - (-54 - -69)).
-61
Calculate 34 + (35 - 42) - -1.
28
Calculate -22 + 62 + -38 + 7.
9
Evaluate -44 + 12 + 7 + -18 + 12.
-31
Calculate (0 - 74) + 0 - (-1426 + 1396).
-44
What is 1227 + -1225 - (-32 - 1)?
35
What is 30 + 41 + (15 + -1 - (4 + 0 + 0))?
81
What is (49 - -92) + (98 - 137)?
102
What is -5 + -2 + -88 + (-18 - (46 - 71))?
-88
0 + -4 - (-120 + 121) - -44
39
Evaluate (-91 + 76 - 92) + 25.
-82
What is 7 - ((7 - (-11 + -39)) + 17)?
-67
What is -4823 + 4747 - (-1 - 49)?
-26
What is the value of 91 - (194 - 101) - -114?
112
What is 6 + -4 + 1 - (-86 + 39 + (-16 - -3))?
63
Evaluate (187 - 161) + -5 + 13 + 4.
38
(-6 - 0) + -97 + 109 + 24 - -11
41
What is the value of -56 - (23 + -29 + 26 + (7 - 34))?
-49
24 - (9 + -8 - -34)
-11
What is the value of (-49 - 4) + (26 - -114) + 0 + -6?
81
What is (-4 - -2 - 13) + (2 - 1) + (-93 - -105)?
-2
What is 23 + (10 - (11 + 11)) - (-6 + -2)?
19
Evaluate 136 + (-86 - -7) - (18 - 0).
39
Calculate -3 + 14 + -15 + (-5 - (-31 + 16)).
6
Calculate -56 + (17 - 22) - -54.
-7
Calculate 6 - (57 + -71 - (0 + -25)).
-5
68 + -3 - (-112 - -115 - -13)
49
What is the value of (0 - (40 - -5)) + (8 - 3)?
-40
What is -47 - 10 - 0 - (-28 + 42)?
-71
What is the value of 52 + 26 + -10 - (0 + 20)?
48
-14 + ((-2 - (15 - 11)) + -1 - (-9 + -1))
-11
101 + -1 + (-21461 - -21327)
-34
(4 - ((11 - (-13 - -8)) + -9)) + (-6 - 24)
-33
Calculate (-62 - (45 + -71)) + 47.
11
What is the value of 7 - ((-13 - -13) + 7 - -8 - 9) - 11?
-10
Evaluate -9 - (120 + -71 + -21).
-37
What is the value of (-15 + -2 - (17 - 5)) + 68?
39
What is (7 + (-3 - 27) - 2) + -115 + 126?
-14
Calculate -8 + 12 - 22 - (-531 - -529).
-16
What is -123 + (-70 - -137 - 27)?
-83
Evaluate (233 - 239 - (3 - 1)) + -22.
-30
What is -3 + 52 + (-7 - 54)?
-12
What is the value of (-40 + -6 - -54) + -52?
-44
What is 28 - (12 + -73 - -57)?
32
Evaluate 25 + -1 + (214 - 99) + -208.
-69
3 + (-22 - (-21 + 58)) + (-3 - 3)
-62
Calculate 2612 + -2639 + 2 + 48.
23
What is (-6 + 14 - 1) + -63 - -13 - 6?
-49
What is (104 - 4) + -9 - (-49 + 47) - (10 + 1)?
82
What is the value of -44 + -48 + -12 + 30?
-74
What is the value of 2 + -19 - (-31 - 42) - (0 - (-3 + 2))?
55
Evaluate (-4 - (5 - 9)) + (-38 - ((2 - 4) + 5)).
-41
Calculate (18 - 6 - (9 - -10)) + 1 + 12 + -91.
-85
-64 + 9 + -10 + (3 - -2) - (-36 - -26)
-50
What is the value of -20 + 62 + -27 + -1 + (-142 - -1)?
-127
Calculate (-5 - -92) + (98 - 142).
43
Calculate 0 - -26 - (-341 + 184 - -279).
-96
What is the value of -4 + -3 + (-35 + (-25 - -53) - (17 - 3))?
-28
Evaluate 5 + (5 - (17 + -9 + -49 + 14)).
37
Calculate (1 - -4) + 44 + (2 + 0 - 13) + 3.
41
Calculate -8 + (7 - ((2 - (-17 + 35)) + 11)).
4
Calculate 2 + (-48 + 80 - -30).
64
What is the value of -17 - -2 - ((333 - 404) + 1 + 25 - 18)?
48
Evaluate -9 + (-39 - -37) - 12.
-23
What is the value of 40 + 4 - (-10 - -13)?
41
What is the value of -38 - -18 - ((2 - 1) + 6 + -11)?
-16
What is the value of (-30 + 149 - 84) + (7 - 0)?
42
Evaluate 15 - (-2 - -3 - (23 + 21 + -50)).
8
Evaluate (-2 + (4 - 4) - -2 - -3) + -216 + 172.
-41
Calculate -15 - (10 - 7 - (-29 + 6)).
-41
What is -86 - (0 - -15 - (-5 + 13 - (-13 + -4)))?
-76
What is (283 + -332 - (-1 - 31)) + (-24 - 1)?
-42
What is 9 - (260 - 253 - (-58 - (0 + 2)))?
-58
Evaluate (-49 - (-5 - -3)) + 0 - (59 + -81 + 6).
-31
Evaluate 17 + (19 - 37) - (6 - (1 + -3)).
-9
Calculate (31 - (15 - -120)) + 16 + -5 + -3 + 2.
-94
Evaluate 12 + -29 + (-33 - (8 + -149)).
91
Calculate -118 - -22 - -114 - -33.
51
Evaluate -11 - -51 - (2 - 2) - (69 - 82).
53
What is (-20 - -3) + 23 + -78?
-72
Calculate 1467 + -1453 + (20 + 1 - 2).
33
Evaluate -19 + 1 + (2 - (16 + 0)) + 43.
11
Calculate (-5 - -7) + (4 + 0 - -7) + 25.
38
What is 56 + -84 + -42 + 47?
-23
Calculate 0 + 4 - (2010 + -1992).
-14
Evaluate 0 - (7 - (-4 - -10)) - (-26 - -19).
6
What is 46 + -3 - (-103 + 162 + 41)?
-57
What is the value of (-721 - -791) + -1 + -41 + 3 + -1?
30
Evaluate (125 - 32) + -30 + (-6 - (-6 + 5) - 9).
49
Calculate (-49 - 3) + 1764 + -1747.
-35
What is the value of 41 - (-3 - 5 - -2)?
47
Calculate -1 + -8 + -266 + 289.
14
(6 - (-3 - (-7 - 6)) - 0) + 7 + 0
3
Evaluate (35 + -25 - (16 + -2)) + 16 + -2.
10
Evaluate 0 + 46 + 320 + -345.
21
-1 + -3 - ((60 - -7 - 33) + -15)
-23
1 - (9 + -2 + (57 - 163 - 55)) - 5
150
What is the value of (-21 + -112 + 109 - ((1 - 2) + -13)) + 115?
105
Evaluate (27 - 16 - 39) + (-38 - -58).
-8
What is the value of 22 - (67 - -75 - 58)?
-62
What is the value of 1874 - 1908 - (-1 - 19)?
-14
What is 34 + 0 + 11 - 49?
-4
What is -3 - (-3 - -1 - (36 + (6 - (12 - -11))))?
18
What is (10 - (18 + (-13 - -13)) - (47 + 1)) + 10?
-46
28 - (12 - -8 - 18 - (-4 - 8 - -4))
18
What is the value of (24 - 36) + 32 + -13 - (4 + -91)?
94
8232 + -8222 + (1 + -15 - ((-6 - -4) + 2))
-4
What is the value of 103 - (262 + -90 - 12)?
-57
Evaluate 0 - -85 - 17 - (-8 + 30).
46
Calculate (-1 - -1) + -1 - (-212 - (-502 + 155)).
-136
Evaluate 47 + (37 - (-45 - -85)).
44
Evaluate 23 - (3390 - 3397 - (-